CRAN Package Check Results for Package distdichoR

Last updated on 2025-07-03 04:50:53 CEST.

Flavor Version Tinstall Tcheck Ttotal Status Flags
r-devel-linux-x86_64-debian-clang 0.1-1 5.28 31.49 36.77 NOTE
r-devel-linux-x86_64-debian-gcc 0.1-1 3.56 23.15 26.71 NOTE
r-devel-linux-x86_64-fedora-clang 0.1-1 59.53 OK
r-devel-linux-x86_64-fedora-gcc 0.1-1 70.24 OK
r-devel-windows-x86_64 0.1-1 6.00 48.00 54.00 OK
r-patched-linux-x86_64 0.1-1 5.73 29.56 35.29 OK
r-release-linux-x86_64 0.1-1 5.01 29.30 34.31 OK
r-release-macos-arm64 0.1-1 33.00 OK
r-release-macos-x86_64 0.1-1 52.00 OK
r-release-windows-x86_64 0.1-1 6.00 49.00 55.00 OK
r-oldrel-macos-arm64 0.1-1 25.00 OK
r-oldrel-macos-x86_64 0.1-1 39.00 OK
r-oldrel-windows-x86_64 0.1-1 8.00 56.00 64.00 OK

Check Details

Version: 0.1-1
Check: CRAN incoming feasibility
Result: NOTE Maintainer: ‘Odile Sauzet <odile.sauzet@uni-bielefeld.de>’ No Authors@R field in DESCRIPTION. Please add one, modifying Authors@R: person(given = "Odile", family = "Sauzet", role = c("aut", "cre"), email = "odile.sauzet@uni-bielefeld.de") as necessary. The Description field contains <arXiv:1809.03279> for more information. Please refer to arXiv e-prints via their arXiv DOI <doi:10.48550/arXiv.YYMM.NNNNN>. Flavors: r-devel-linux-x86_64-debian-clang, r-devel-linux-x86_64-debian-gcc