CRAN Package Check Results for Package dipw

Last updated on 2025-07-24 05:49:10 CEST.

Flavor Version Tinstall Tcheck Ttotal Status Flags
r-devel-linux-x86_64-debian-clang 0.1.0 6.94 55.15 62.09 NOTE
r-devel-linux-x86_64-debian-gcc 0.1.0 5.10 43.32 48.42 NOTE
r-devel-linux-x86_64-fedora-clang 0.1.0 96.34 OK
r-devel-linux-x86_64-fedora-gcc 0.1.0 90.56 OK
r-devel-windows-x86_64 0.1.0 8.00 68.00 76.00 OK
r-patched-linux-x86_64 0.1.0 6.97 52.99 59.96 OK
r-release-linux-x86_64 0.1.0 7.05 52.93 59.98 OK
r-release-macos-arm64 0.1.0 36.00 OK
r-release-macos-x86_64 0.1.0 61.00 OK
r-release-windows-x86_64 0.1.0 7.00 68.00 75.00 OK
r-oldrel-macos-arm64 0.1.0 28.00 OK
r-oldrel-macos-x86_64 0.1.0 50.00 OK
r-oldrel-windows-x86_64 0.1.0 10.00 83.00 93.00 OK

Check Details

Version: 0.1.0
Check: CRAN incoming feasibility
Result: NOTE Maintainer: ‘Yuhao Wang <yuhaow.thu@gmail.com>’ The Description field contains High-Dimensional Confounders" <arXiv:2011.08661>. The package relies on Please refer to arXiv e-prints via their arXiv DOI <doi:10.48550/arXiv.YYMM.NNNNN>. Flavors: r-devel-linux-x86_64-debian-clang, r-devel-linux-x86_64-debian-gcc