Last updated on 2024-05-02 04:00:13 CEST.
Flavor | Version | Tinstall | Tcheck | Ttotal | Status | Flags |
---|---|---|---|---|---|---|
r-devel-linux-x86_64-debian-clang | 1.2.1 | 8.40 | 96.02 | 104.42 | OK | |
r-devel-linux-x86_64-debian-gcc | 1.2.1 | 7.09 | 69.34 | 76.43 | OK | |
r-devel-linux-x86_64-fedora-clang | 1.2.1 | 126.36 | NOTE | |||
r-devel-linux-x86_64-fedora-gcc | 1.2.1 | 132.96 | OK | |||
r-devel-windows-x86_64 | 1.2.1 | 9.00 | 101.00 | 110.00 | OK | |
r-patched-linux-x86_64 | 1.2.1 | 10.51 | 90.24 | 100.75 | OK | |
r-release-linux-x86_64 | 1.2.1 | 6.30 | 89.35 | 95.65 | OK | |
r-release-macos-arm64 | 1.2.1 | 44.00 | OK | |||
r-release-macos-x86_64 | 1.2.1 | 93.00 | OK | |||
r-release-windows-x86_64 | 1.2.1 | 11.00 | 103.00 | 114.00 | OK | |
r-oldrel-macos-arm64 | 1.2.1 | 48.00 | OK | |||
r-oldrel-macos-x86_64 | 1.2.1 | 94.00 | OK | |||
r-oldrel-windows-x86_64 | 1.2.1 | 11.00 | 117.00 | 128.00 | OK |
Version: 1.2.1
Check: Rd cross-references
Result: NOTE
Undeclared packages ‘uwot’, ‘embed’ in Rd xrefs
Flavor: r-devel-linux-x86_64-fedora-clang