CRAN Package Check Results for Package devtools

Last updated on 2025-01-23 03:50:32 CET.

Flavor Version Tinstall Tcheck Ttotal Status Flags
r-devel-linux-x86_64-debian-clang 2.4.5 9.54 96.95 106.49 NOTE
r-devel-linux-x86_64-debian-gcc 2.4.5 5.47 70.05 75.52 NOTE
r-devel-linux-x86_64-fedora-clang 2.4.5 186.23 OK
r-devel-linux-x86_64-fedora-gcc 2.4.5 192.77 OK
r-devel-windows-x86_64 2.4.5 10.00 133.00 143.00 NOTE
r-patched-linux-x86_64 2.4.5 14.04 90.72 104.76 OK
r-release-linux-x86_64 2.4.5 8.00 91.02 99.02 OK
r-release-macos-arm64 2.4.5 90.00 OK
r-release-macos-x86_64 2.4.5 131.00 OK
r-release-windows-x86_64 2.4.5 11.00 128.00 139.00 OK
r-oldrel-macos-arm64 2.4.5 73.00 OK
r-oldrel-macos-x86_64 2.4.5 120.00 OK
r-oldrel-windows-x86_64 2.4.5 13.00 152.00 165.00 OK

Check Details

Version: 2.4.5
Check: Rd cross-references
Result: NOTE Found the following Rd file(s) with Rd \link{} targets missing package anchors: check.Rd: compiler_flags remote-reexports.Rd: ellipsis Please provide package anchors for all Rd \link{} targets not in the package itself and the base packages. Flavors: r-devel-linux-x86_64-debian-clang, r-devel-linux-x86_64-debian-gcc, r-devel-windows-x86_64