Last updated on 2025-05-09 04:51:54 CEST.
Flavor | Version | Tinstall | Tcheck | Ttotal | Status | Flags |
---|---|---|---|---|---|---|
r-devel-linux-x86_64-debian-clang | 0.1.0 | 1.54 | 20.63 | 22.17 | OK | |
r-devel-linux-x86_64-debian-gcc | 0.1.0 | 1.31 | 17.19 | 18.50 | OK | |
r-devel-linux-x86_64-fedora-clang | 0.1.0 | 32.99 | OK | |||
r-devel-linux-x86_64-fedora-gcc | 0.1.0 | 32.17 | OK | |||
r-devel-windows-x86_64 | 0.1.0 | 3.00 | 43.00 | 46.00 | OK | |
r-patched-linux-x86_64 | 0.1.0 | 1.80 | 18.66 | 20.46 | OK | |
r-release-linux-x86_64 | 0.1.0 | 1.53 | 18.84 | 20.37 | OK | |
r-release-macos-arm64 | 0.1.0 | 17.00 | OK | |||
r-release-macos-x86_64 | 0.1.0 | 25.00 | OK | |||
r-release-windows-x86_64 | 0.1.0 | 3.00 | 44.00 | 47.00 | OK | |
r-oldrel-macos-arm64 | 0.1.0 | 15.00 | NOTE | |||
r-oldrel-macos-x86_64 | 0.1.0 | 22.00 | NOTE | |||
r-oldrel-windows-x86_64 | 0.1.0 | 4.00 | 45.00 | 49.00 | NOTE |
Version: 0.1.0
Check: LazyData
Result: NOTE
'LazyData' is specified without a 'data' directory
Flavors: r-oldrel-macos-arm64, r-oldrel-macos-x86_64, r-oldrel-windows-x86_64