Last updated on 2025-02-20 04:51:09 CET.
Flavor | Version | Tinstall | Tcheck | Ttotal | Status | Flags |
---|---|---|---|---|---|---|
r-devel-linux-x86_64-debian-clang | 2.0.0 | 9.49 | 104.24 | 113.73 | OK | |
r-devel-linux-x86_64-debian-gcc | 2.0.0 | 7.83 | 75.79 | 83.62 | OK | |
r-devel-linux-x86_64-fedora-clang | 2.0.0 | 168.38 | NOTE | |||
r-devel-linux-x86_64-fedora-gcc | 2.0.0 | 170.13 | NOTE | |||
r-devel-macos-arm64 | 2.0.0 | 60.00 | OK | |||
r-devel-macos-x86_64 | 2.0.0 | 134.00 | OK | |||
r-devel-windows-x86_64 | 2.0.0 | 10.00 | 118.00 | 128.00 | OK | |
r-patched-linux-x86_64 | 2.0.0 | 9.61 | 101.12 | 110.73 | OK | |
r-release-linux-x86_64 | 2.0.0 | 8.70 | 100.57 | 109.27 | OK | |
r-release-macos-arm64 | 2.0.0 | 62.00 | OK | |||
r-release-macos-x86_64 | 2.0.0 | 90.00 | OK | |||
r-release-windows-x86_64 | 2.0.0 | 10.00 | 3.00 | 13.00 | FAIL | |
r-oldrel-macos-arm64 | 2.0.0 | 60.00 | OK | |||
r-oldrel-macos-x86_64 | 2.0.0 | 133.00 | OK | |||
r-oldrel-windows-x86_64 | 2.0.0 | 14.00 | 143.00 | 157.00 | OK |
Version: 2.0.0
Check: dependencies in R code
Result: NOTE
Namespace in Imports field not imported from: ‘Matrix’
All declared Imports should be used.
Flavors: r-devel-linux-x86_64-fedora-clang, r-devel-linux-x86_64-fedora-gcc
Version: 2.0.0
Check: package dependencies
Result: FAIL
Flavor: r-release-windows-x86_64