CRAN Package Check Results for Package deformula

Last updated on 2025-02-20 04:51:09 CET.

Flavor Version Tinstall Tcheck Ttotal Status Flags
r-devel-linux-x86_64-debian-clang 0.1.2 9.74 23.16 32.90 NOTE
r-devel-linux-x86_64-debian-gcc 0.1.2 7.07 18.33 25.40 NOTE
r-devel-linux-x86_64-fedora-clang 0.1.2 57.55 NOTE
r-devel-linux-x86_64-fedora-gcc 0.1.2 52.98 NOTE
r-devel-macos-arm64 0.1.2 21.00 NOTE
r-devel-macos-x86_64 0.1.2 34.00 NOTE
r-devel-windows-x86_64 0.1.2 12.00 60.00 72.00 NOTE
r-patched-linux-x86_64 0.1.2 9.71 21.95 31.66 NOTE
r-release-linux-x86_64 0.1.2 10.42 21.96 32.38 NOTE
r-release-macos-arm64 0.1.2 21.00 NOTE
r-release-macos-x86_64 0.1.2 37.00 NOTE
r-release-windows-x86_64 0.1.2 12.00 3.00 15.00 FAIL
r-oldrel-macos-arm64 0.1.2 23.00 NOTE
r-oldrel-macos-x86_64 0.1.2 36.00 NOTE
r-oldrel-windows-x86_64 0.1.2 13.00 66.00 79.00 NOTE

Check Details

Version: 0.1.2
Check: C++ specification
Result: NOTE Specified C++11: please drop specification unless essential Flavors: r-devel-linux-x86_64-debian-clang, r-devel-linux-x86_64-debian-gcc, r-devel-linux-x86_64-fedora-clang, r-devel-linux-x86_64-fedora-gcc, r-devel-macos-arm64, r-devel-macos-x86_64, r-devel-windows-x86_64, r-patched-linux-x86_64, r-release-linux-x86_64, r-release-macos-arm64, r-release-macos-x86_64, r-oldrel-macos-arm64, r-oldrel-macos-x86_64, r-oldrel-windows-x86_64

Version: 0.1.2
Check: package dependencies
Result: FAIL
Flavor: r-release-windows-x86_64