Last updated on 2024-05-02 04:00:13 CEST.
Flavor | Version | Tinstall | Tcheck | Ttotal | Status | Flags |
---|---|---|---|---|---|---|
r-devel-linux-x86_64-debian-clang | 1.0.0 | 1.85 | 22.29 | 24.14 | NOTE | |
r-devel-linux-x86_64-debian-gcc | 1.0.0 | 1.23 | 17.16 | 18.39 | NOTE | |
r-devel-linux-x86_64-fedora-clang | 1.0.0 | 30.38 | NOTE | |||
r-devel-linux-x86_64-fedora-gcc | 1.0.0 | 29.00 | NOTE | |||
r-devel-windows-x86_64 | 1.0.0 | 3.00 | 39.00 | 42.00 | NOTE | |
r-patched-linux-x86_64 | 1.0.0 | 1.88 | 20.91 | 22.79 | NOTE | |
r-release-linux-x86_64 | 1.0.0 | 1.51 | 21.30 | 22.81 | NOTE | |
r-release-macos-arm64 | 1.0.0 | 14.00 | NOTE | |||
r-release-windows-x86_64 | 1.0.0 | 2.00 | 40.00 | 42.00 | NOTE | |
r-oldrel-macos-arm64 | 1.0.0 | 21.00 | NOTE | |||
r-oldrel-macos-x86_64 | 1.0.0 | 19.00 | NOTE | |||
r-oldrel-windows-x86_64 | 1.0.0 | 2.00 | 39.00 | 41.00 | NOTE |
Version: 1.0.0
Check: LazyData
Result: NOTE
'LazyData' is specified without a 'data' directory
Flavors: r-devel-linux-x86_64-debian-clang, r-devel-linux-x86_64-debian-gcc, r-devel-linux-x86_64-fedora-clang, r-devel-linux-x86_64-fedora-gcc, r-devel-windows-x86_64, r-patched-linux-x86_64, r-release-linux-x86_64, r-release-macos-arm64, r-release-windows-x86_64, r-oldrel-macos-arm64, r-oldrel-macos-x86_64, r-oldrel-windows-x86_64