Last updated on 2025-05-16 05:49:05 CEST.
Flavor | Version | Tinstall | Tcheck | Ttotal | Status | Flags |
---|---|---|---|---|---|---|
r-devel-linux-x86_64-debian-clang | 1.3.7 | 4.41 | 41.65 | 46.06 | NOTE | |
r-devel-linux-x86_64-debian-gcc | 1.3.7 | 3.13 | 30.68 | 33.81 | NOTE | |
r-devel-linux-x86_64-fedora-clang | 1.3.7 | 71.26 | OK | |||
r-devel-linux-x86_64-fedora-gcc | 1.3.7 | 82.64 | OK | |||
r-devel-windows-x86_64 | 1.3.7 | 6.00 | 72.00 | 78.00 | OK | |
r-patched-linux-x86_64 | 1.3.7 | 4.65 | 39.58 | 44.23 | OK | |
r-release-linux-x86_64 | 1.3.7 | 3.80 | 39.60 | 43.40 | OK | |
r-release-macos-arm64 | 1.3.7 | 38.00 | OK | |||
r-release-macos-x86_64 | 1.3.7 | 69.00 | OK | |||
r-release-windows-x86_64 | 1.3.7 | 7.00 | 71.00 | 78.00 | OK | |
r-oldrel-macos-arm64 | 1.3.7 | 28.00 | OK | |||
r-oldrel-macos-x86_64 | 1.3.7 | 42.00 | OK | |||
r-oldrel-windows-x86_64 | 1.3.7 | 7.00 | 75.00 | 82.00 | OK |
Version: 1.3.7
Check: CRAN incoming feasibility
Result: NOTE
Maintainer: ‘Mark van der Loo <mark.vanderloo@gmail.com>’
No Authors@R field in DESCRIPTION.
Please add one, modifying
Authors@R: c(person(given = "Mark",
family = "van der Loo",
role = c("aut", "cre"),
email = "mark.vanderloo@gmail.com"),
person(given = "Edwin",
family = "de Jonge",
role = "aut"),
person(given = "Sander",
family = "Scholtus",
role = "aut"))
as necessary.
Flavors: r-devel-linux-x86_64-debian-clang, r-devel-linux-x86_64-debian-gcc