Last updated on 2025-02-20 04:51:09 CET.
Flavor | Version | Tinstall | Tcheck | Ttotal | Status | Flags |
---|---|---|---|---|---|---|
r-devel-linux-x86_64-debian-clang | 0.3.0 | 3.26 | 180.20 | 183.46 | OK | |
r-devel-linux-x86_64-debian-gcc | 0.3.0 | 2.26 | 99.94 | 102.20 | OK | |
r-devel-linux-x86_64-fedora-clang | 0.3.0 | 299.93 | OK | |||
r-devel-linux-x86_64-fedora-gcc | 0.3.0 | 290.30 | OK | |||
r-devel-macos-arm64 | 0.3.0 | 64.00 | OK | |||
r-devel-macos-x86_64 | 0.3.0 | 156.00 | OK | |||
r-devel-windows-x86_64 | 0.3.0 | 6.00 | 167.00 | 173.00 | OK | |
r-patched-linux-x86_64 | 0.3.0 | 3.90 | 171.59 | 175.49 | OK | |
r-release-linux-x86_64 | 0.3.0 | 3.63 | 172.03 | 175.66 | OK | |
r-release-macos-arm64 | 0.3.0 | 70.00 | OK | |||
r-release-macos-x86_64 | 0.3.0 | 153.00 | OK | |||
r-release-windows-x86_64 | 0.3.0 | 6.00 | 3.00 | 9.00 | FAIL | |
r-oldrel-macos-arm64 | 0.3.0 | 62.00 | OK | |||
r-oldrel-macos-x86_64 | 0.3.0 | 148.00 | OK | |||
r-oldrel-windows-x86_64 | 0.3.0 | 6.00 | 236.00 | 242.00 | OK |
Version: 0.3.0
Check: package dependencies
Result: FAIL
Flavor: r-release-windows-x86_64