Last updated on 2024-05-02 04:00:12 CEST.
Flavor | Version | Tinstall | Tcheck | Ttotal | Status | Flags |
---|---|---|---|---|---|---|
r-devel-linux-x86_64-debian-clang | 0.6.4 | 5.40 | 99.49 | 104.89 | OK | |
r-devel-linux-x86_64-debian-gcc | 0.6.4 | 5.48 | 71.32 | 76.80 | OK | |
r-devel-linux-x86_64-fedora-clang | 0.6.4 | 129.94 | OK | |||
r-devel-linux-x86_64-fedora-gcc | 0.6.4 | 147.05 | OK | |||
r-devel-windows-x86_64 | 0.6.4 | 9.00 | 140.00 | 149.00 | OK | |
r-patched-linux-x86_64 | 0.6.4 | 7.93 | 93.77 | 101.70 | OK | |
r-release-linux-x86_64 | 0.6.4 | 6.59 | 94.27 | 100.86 | OK | |
r-release-macos-arm64 | 0.6.4 | 122.00 | OK | |||
r-release-macos-x86_64 | 0.6.4 | 209.00 | OK | |||
r-release-windows-x86_64 | 0.6.4 | 8.00 | 143.00 | 151.00 | OK | |
r-oldrel-macos-arm64 | 0.6.4 | 9.00 | ERROR | |||
r-oldrel-macos-x86_64 | 0.6.4 | 173.00 | OK | |||
r-oldrel-windows-x86_64 | 0.6.4 | 9.00 | 166.00 | 175.00 | OK |
Version: 0.6.4
Check: package dependencies
Result: ERROR
Packages required and available but unsuitable versions: 'methods', 'utils'
See section ‘The DESCRIPTION file’ in the ‘Writing R Extensions’
manual.
Flavor: r-oldrel-macos-arm64