Last updated on 2025-07-03 04:50:53 CEST.
Flavor | Version | Tinstall | Tcheck | Ttotal | Status | Flags |
---|---|---|---|---|---|---|
r-devel-linux-x86_64-debian-clang | 0.0.1 | 1.20 | 16.46 | 17.66 | OK | |
r-devel-linux-x86_64-debian-gcc | 0.0.1 | 1.27 | 14.12 | 15.39 | OK | |
r-devel-linux-x86_64-fedora-clang | 0.0.1 | 26.83 | OK | |||
r-devel-linux-x86_64-fedora-gcc | 0.0.1 | 25.98 | OK | |||
r-devel-windows-x86_64 | 0.0.1 | 2.00 | 35.00 | 37.00 | OK | |
r-patched-linux-x86_64 | 0.0.1 | 1.64 | 15.40 | 17.04 | OK | |
r-release-linux-x86_64 | 0.0.1 | 1.30 | 15.21 | 16.51 | OK | |
r-release-macos-arm64 | 0.0.1 | 14.00 | OK | |||
r-release-macos-x86_64 | 0.0.1 | 21.00 | OK | |||
r-release-windows-x86_64 | 0.0.1 | 3.00 | 37.00 | 40.00 | OK | |
r-oldrel-macos-arm64 | 0.0.1 | 13.00 | NOTE | |||
r-oldrel-macos-x86_64 | 0.0.1 | 20.00 | NOTE | |||
r-oldrel-windows-x86_64 | 0.0.1 | 2.00 | 34.00 | 36.00 | NOTE |
Version: 0.0.1
Check: LazyData
Result: NOTE
'LazyData' is specified without a 'data' directory
Flavors: r-oldrel-macos-arm64, r-oldrel-macos-x86_64, r-oldrel-windows-x86_64