Last updated on 2025-02-20 04:51:10 CET.
Flavor | Version | Tinstall | Tcheck | Ttotal | Status | Flags |
---|---|---|---|---|---|---|
r-devel-linux-x86_64-debian-clang | 1.1.13 | 11.86 | 79.28 | 91.14 | OK | |
r-devel-linux-x86_64-debian-gcc | 1.1.13 | 8.04 | 56.46 | 64.50 | OK | |
r-devel-linux-x86_64-fedora-clang | 1.1.13 | 142.77 | OK | |||
r-devel-linux-x86_64-fedora-gcc | 1.1.13 | 135.50 | OK | |||
r-devel-macos-arm64 | 1.1.13 | 43.00 | OK | |||
r-devel-macos-x86_64 | 1.1.13 | 78.00 | OK | |||
r-devel-windows-x86_64 | 1.1.13 | 13.00 | 91.00 | 104.00 | OK | |
r-patched-linux-x86_64 | 1.1.13 | 9.48 | 75.76 | 85.24 | OK | |
r-release-linux-x86_64 | 1.1.13 | 10.97 | 75.05 | 86.02 | OK | |
r-release-macos-arm64 | 1.1.13 | 43.00 | OK | |||
r-release-macos-x86_64 | 1.1.13 | 59.00 | OK | |||
r-release-windows-x86_64 | 1.1.13 | 13.00 | 3.00 | 16.00 | FAIL | |
r-oldrel-macos-arm64 | 1.1.13 | 50.00 | OK | |||
r-oldrel-macos-x86_64 | 1.1.13 | 138.00 | OK | |||
r-oldrel-windows-x86_64 | 1.1.13 | 17.00 | 108.00 | 125.00 | OK |
Version: 1.1.13
Check: package dependencies
Result: FAIL
Flavor: r-release-windows-x86_64