Last updated on 2025-01-26 03:49:45 CET.
Flavor | Version | Tinstall | Tcheck | Ttotal | Status | Flags |
---|---|---|---|---|---|---|
r-devel-linux-x86_64-debian-clang | 1.0.0 | 9.05 | 153.90 | 162.95 | NOTE | |
r-devel-linux-x86_64-debian-gcc | 1.0.0 | 7.73 | 107.79 | 115.52 | NOTE | |
r-devel-linux-x86_64-fedora-clang | 1.0.0 | 263.62 | OK | |||
r-devel-linux-x86_64-fedora-gcc | 1.0.0 | 272.10 | NOTE | |||
r-devel-windows-x86_64 | 1.0.0 | 13.00 | 153.00 | 166.00 | OK | |
r-patched-linux-x86_64 | 1.0.0 | 10.68 | 140.22 | 150.90 | OK | |
r-release-linux-x86_64 | 1.0.0 | 9.80 | 140.57 | 150.37 | OK | |
r-release-macos-arm64 | 1.0.0 | 87.00 | OK | |||
r-release-macos-x86_64 | 1.0.0 | 194.00 | NOTE | |||
r-release-windows-x86_64 | 1.0.0 | 14.00 | 161.00 | 175.00 | OK | |
r-oldrel-macos-arm64 | 1.0.0 | 181.00 | OK | |||
r-oldrel-macos-x86_64 | 1.0.0 | 192.00 | OK | |||
r-oldrel-windows-x86_64 | 1.0.0 | 15.00 | 194.00 | 209.00 | OK |
Version: 1.0.0
Check: DESCRIPTION meta-information
Result: NOTE
Missing dependency on R >= 4.1.0 because package code uses the pipe
|> or function shorthand \(...) syntax added in R 4.1.0.
File(s) using such syntax:
‘as-cubble.R’ ‘check-key.R’ ‘cubble-attrs.R’ ‘cubble-class.R’
‘cubble-print.R’ ‘dplyr.R’ ‘face-spatial-temporal.R’ ‘glyph.R’
‘matching.R’ ‘netcdf.R’ ‘sf.R’ ‘tsibble.R’ ‘unfold.R’
Flavors: r-devel-linux-x86_64-debian-clang, r-devel-linux-x86_64-debian-gcc, r-devel-linux-x86_64-fedora-gcc
Version: 1.0.0
Check: installed package size
Result: NOTE
installed size is 5.6Mb
sub-directories of 1Mb or more:
data 3.1Mb
doc 1.3Mb
Flavor: r-release-macos-x86_64