Last updated on 2024-04-27 03:56:11 CEST.
Flavor | Version | Tinstall | Tcheck | Ttotal | Status | Flags |
---|---|---|---|---|---|---|
r-devel-linux-x86_64-debian-clang | 0.5.1 | 28.57 | 174.03 | 202.60 | NOTE | |
r-devel-linux-x86_64-debian-gcc | 0.5.1 | 18.68 | 120.78 | 139.46 | NOTE | |
r-devel-linux-x86_64-fedora-clang | 0.5.1 | 241.13 | NOTE | |||
r-devel-linux-x86_64-fedora-gcc | 0.5.1 | 241.74 | NOTE | |||
r-devel-windows-x86_64 | 0.5.1 | 23.00 | 136.00 | 159.00 | NOTE | |
r-patched-linux-x86_64 | 0.5.1 | 27.81 | 157.81 | 185.62 | NOTE | |
r-release-linux-x86_64 | 0.5.1 | 26.59 | 159.10 | 185.69 | OK | |
r-release-macos-arm64 | 0.5.1 | 66.00 | NOTE | |||
r-release-windows-x86_64 | 0.5.1 | 24.00 | 133.00 | 157.00 | NOTE | |
r-oldrel-macos-arm64 | 0.5.1 | 70.00 | OK | |||
r-oldrel-macos-x86_64 | 0.5.1 | 129.00 | OK | |||
r-oldrel-windows-x86_64 | 0.5.1 | 31.00 | 168.00 | 199.00 | OK |
Version: 0.5.1
Check: Rd files
Result: NOTE
checkRd: (-1) calculate_cell_volume.Rd:16: Lost braces; missing escapes or markup?
16 | V A real number. The volume (in angstroms^3 or angstroms^{-3})
| ^
Flavors: r-devel-linux-x86_64-debian-clang, r-devel-linux-x86_64-debian-gcc, r-devel-linux-x86_64-fedora-clang, r-devel-linux-x86_64-fedora-gcc, r-devel-windows-x86_64, r-patched-linux-x86_64, r-release-macos-arm64, r-release-windows-x86_64