Last updated on 2025-02-20 04:51:09 CET.
Flavor | Version | Tinstall | Tcheck | Ttotal | Status | Flags |
---|---|---|---|---|---|---|
r-devel-linux-x86_64-debian-clang | 0.1.0 | 15.02 | 115.94 | 130.96 | OK | |
r-devel-linux-x86_64-debian-gcc | 0.1.0 | 11.13 | 82.09 | 93.22 | OK | |
r-devel-linux-x86_64-fedora-clang | 0.1.0 | 202.53 | OK | |||
r-devel-linux-x86_64-fedora-gcc | 0.1.0 | 189.29 | OK | |||
r-devel-macos-arm64 | 0.1.0 | 58.00 | OK | |||
r-devel-macos-x86_64 | 0.1.0 | 104.00 | OK | |||
r-devel-windows-x86_64 | 0.1.0 | 18.00 | 117.00 | 135.00 | OK | |
r-patched-linux-x86_64 | 0.1.0 | 13.85 | 106.05 | 119.90 | OK | |
r-release-linux-x86_64 | 0.1.0 | 12.47 | 105.45 | 117.92 | OK | |
r-release-macos-arm64 | 0.1.0 | 46.00 | OK | |||
r-release-macos-x86_64 | 0.1.0 | 83.00 | OK | |||
r-release-windows-x86_64 | 0.1.0 | 16.00 | 3.00 | 19.00 | FAIL | |
r-oldrel-macos-arm64 | 0.1.0 | 59.00 | OK | |||
r-oldrel-macos-x86_64 | 0.1.0 | 107.00 | OK | |||
r-oldrel-windows-x86_64 | 0.1.0 | 23.00 | 163.00 | 186.00 | OK |
Version: 0.1.0
Check: package dependencies
Result: FAIL
Flavor: r-release-windows-x86_64