Last updated on 2024-05-02 04:00:11 CEST.
Flavor | Version | Tinstall | Tcheck | Ttotal | Status | Flags |
---|---|---|---|---|---|---|
r-devel-linux-x86_64-debian-clang | 1.0.3 | 5.86 | 50.09 | 55.95 | OK | |
r-devel-linux-x86_64-debian-gcc | 1.0.3 | 3.56 | 37.96 | 41.52 | OK | |
r-devel-linux-x86_64-fedora-clang | 1.0.3 | 68.36 | OK | |||
r-devel-linux-x86_64-fedora-gcc | 1.0.3 | 64.88 | OK | |||
r-devel-windows-x86_64 | 1.0.3 | 6.00 | 74.00 | 80.00 | OK | |
r-patched-linux-x86_64 | 1.0.2 | 5.41 | 46.93 | 52.34 | NOTE | |
r-release-linux-x86_64 | 1.0.3 | 5.31 | 47.60 | 52.91 | OK | |
r-release-macos-arm64 | 1.0.3 | 24.00 | OK | |||
r-release-macos-x86_64 | 1.0.3 | 56.00 | OK | |||
r-release-windows-x86_64 | 1.0.3 | 5.00 | 58.00 | 63.00 | OK | |
r-oldrel-macos-arm64 | 1.0.3 | 32.00 | OK | |||
r-oldrel-macos-x86_64 | 1.0.3 | 42.00 | OK | |||
r-oldrel-windows-x86_64 | 1.0.3 | 8.00 | 64.00 | 72.00 | OK |
Version: 1.0.2
Check: Rd files
Result: NOTE
checkRd: (-1) update_PACKAGES.Rd:35: Lost braces; missing escapes or markup?
35 | Type of packages: currently source \file{.tar.{gz,bz2,xz}} archives,
| ^
Flavor: r-patched-linux-x86_64
Version: 1.0.2
Check: LazyData
Result: NOTE
'LazyData' is specified without a 'data' directory
Flavor: r-patched-linux-x86_64