Last updated on 2025-02-20 04:51:09 CET.
Flavor | Version | Tinstall | Tcheck | Ttotal | Status | Flags |
---|---|---|---|---|---|---|
r-devel-linux-x86_64-debian-clang | 1.1.1 | 2.64 | 20.49 | 23.13 | OK | |
r-devel-linux-x86_64-debian-gcc | 1.1.1 | 1.92 | 16.77 | 18.69 | OK | |
r-devel-linux-x86_64-fedora-clang | 1.1.1 | 37.39 | OK | |||
r-devel-linux-x86_64-fedora-gcc | 1.1.1 | 34.76 | OK | |||
r-devel-macos-arm64 | 1.1.1 | 17.00 | OK | |||
r-devel-macos-x86_64 | 1.1.1 | 40.00 | OK | |||
r-devel-windows-x86_64 | 1.1.1 | 6.00 | 45.00 | 51.00 | OK | |
r-patched-linux-x86_64 | 1.1.1 | 2.64 | 19.75 | 22.39 | OK | |
r-release-linux-x86_64 | 1.1.1 | 2.51 | 19.79 | 22.30 | OK | |
r-release-macos-arm64 | 1.1.1 | 22.00 | OK | |||
r-release-macos-x86_64 | 1.1.1 | 31.00 | OK | |||
r-release-windows-x86_64 | 1.1.1 | 6.00 | 3.00 | 9.00 | FAIL | |
r-oldrel-macos-arm64 | 1.1.1 | 26.00 | OK | |||
r-oldrel-macos-x86_64 | 1.1.1 | 33.00 | OK | |||
r-oldrel-windows-x86_64 | 1.1.1 | 5.00 | 64.00 | 69.00 | OK |
Version: 1.1.1
Check: package dependencies
Result: FAIL
Flavor: r-release-windows-x86_64