Last updated on 2025-05-09 04:51:53 CEST.
Flavor | Version | Tinstall | Tcheck | Ttotal | Status | Flags |
---|---|---|---|---|---|---|
r-devel-linux-x86_64-debian-clang | 1.2.4 | 6.31 | 51.63 | 57.94 | OK | |
r-devel-linux-x86_64-debian-gcc | 1.2.4 | 3.85 | 37.74 | 41.59 | OK | |
r-devel-linux-x86_64-fedora-clang | 1.2.4 | 91.62 | NOTE | |||
r-devel-linux-x86_64-fedora-gcc | 1.2.4 | 103.28 | NOTE | |||
r-devel-windows-x86_64 | 1.2.4 | 8.00 | 76.00 | 84.00 | OK | |
r-patched-linux-x86_64 | 1.2.4 | 5.61 | 49.32 | 54.93 | OK | |
r-release-linux-x86_64 | 1.2.4 | 5.94 | 49.15 | 55.09 | OK | |
r-release-macos-arm64 | 1.2.4 | 49.00 | OK | |||
r-release-macos-x86_64 | 1.2.4 | 74.00 | OK | |||
r-release-windows-x86_64 | 1.2.4 | 8.00 | 78.00 | 86.00 | OK | |
r-oldrel-macos-arm64 | 1.2.4 | 37.00 | OK | |||
r-oldrel-macos-x86_64 | 1.2.4 | 62.00 | OK | |||
r-oldrel-windows-x86_64 | 1.2.4 | 9.00 | 88.00 | 97.00 | OK |
Version: 1.2.4
Check: dependencies in R code
Result: NOTE
Namespaces in Imports field not imported from:
‘knitr’ ‘rmarkdown’
All declared Imports should be used.
Flavors: r-devel-linux-x86_64-fedora-clang, r-devel-linux-x86_64-fedora-gcc