CRAN Package Check Results for Package corset

Last updated on 2025-07-16 06:51:36 CEST.

Flavor Version Tinstall Tcheck Ttotal Status Flags
r-devel-linux-x86_64-debian-clang 0.1-5 1.80 26.96 28.76 NOTE
r-devel-linux-x86_64-debian-gcc 0.1-5 1.48 20.63 22.11 NOTE
r-devel-linux-x86_64-fedora-clang 0.1-5 41.97 OK
r-devel-linux-x86_64-fedora-gcc 0.1-5 67.70 OK
r-devel-windows-x86_64 0.1-5 2.00 45.00 47.00 OK
r-patched-linux-x86_64 0.1-5 1.91 25.21 27.12 OK
r-release-linux-x86_64 0.1-5 1.69 24.83 26.52 OK
r-release-macos-arm64 0.1-5 30.00 OK
r-release-macos-x86_64 0.1-5 67.00 OK
r-release-windows-x86_64 0.1-5 3.00 52.00 55.00 OK
r-oldrel-macos-arm64 0.1-5 33.00 OK
r-oldrel-macos-x86_64 0.1-5 41.00 OK
r-oldrel-windows-x86_64 0.1-5 3.00 52.00 55.00 OK

Check Details

Version: 0.1-5
Check: CRAN incoming feasibility
Result: NOTE Maintainer: ‘Fran Urbano <viraltux@gmail.com>’ No Authors@R field in DESCRIPTION. Please add one, modifying Authors@R: person(given = "Fran", family = "Urbano", role = c("aut", "cre"), email = "viraltux@gmail.com") as necessary. Flavors: r-devel-linux-x86_64-debian-clang, r-devel-linux-x86_64-debian-gcc