Last updated on 2024-05-01 03:53:34 CEST.
Flavor | Version | Tinstall | Tcheck | Ttotal | Status | Flags |
---|---|---|---|---|---|---|
r-devel-linux-x86_64-debian-clang | 1.0.2 | 2.75 | 32.64 | 35.39 | NOTE | |
r-devel-linux-x86_64-debian-gcc | 1.0.2 | 1.68 | 23.79 | 25.47 | NOTE | |
r-devel-linux-x86_64-fedora-clang | 1.0.2 | 43.94 | NOTE | |||
r-devel-linux-x86_64-fedora-gcc | 1.0.2 | 40.42 | NOTE | |||
r-devel-windows-x86_64 | 1.0.2 | 3.00 | 44.00 | 47.00 | NOTE | |
r-patched-linux-x86_64 | 1.0.2 | 2.42 | 31.69 | 34.11 | NOTE | |
r-release-linux-x86_64 | 1.0.2 | 2.35 | 30.26 | 32.61 | NOTE | |
r-release-macos-arm64 | 1.0.2 | 17.00 | NOTE | |||
r-release-windows-x86_64 | 1.0.2 | 3.00 | 45.00 | 48.00 | NOTE | |
r-oldrel-macos-arm64 | 1.0.2 | 17.00 | NOTE | |||
r-oldrel-macos-x86_64 | 1.0.2 | 24.00 | NOTE | |||
r-oldrel-windows-x86_64 | 1.0.2 | 2.00 | 43.00 | 45.00 | NOTE |
Version: 1.0.2
Check: LazyData
Result: NOTE
'LazyData' is specified without a 'data' directory
Flavors: r-devel-linux-x86_64-debian-clang, r-devel-linux-x86_64-debian-gcc, r-devel-linux-x86_64-fedora-clang, r-devel-linux-x86_64-fedora-gcc, r-devel-windows-x86_64, r-patched-linux-x86_64, r-release-linux-x86_64, r-release-macos-arm64, r-release-windows-x86_64, r-oldrel-macos-arm64, r-oldrel-macos-x86_64, r-oldrel-windows-x86_64