CRAN Package Check Results for Package contourPlot

Last updated on 2025-02-07 05:50:33 CET.

Flavor Version Tinstall Tcheck Ttotal Status Flags
r-devel-linux-x86_64-debian-clang 0.2.0 2.28 23.82 26.10 OK
r-devel-linux-x86_64-debian-gcc 0.2.0 1.64 19.01 20.65 OK
r-devel-linux-x86_64-fedora-clang 0.2.0 43.34 OK
r-devel-linux-x86_64-fedora-gcc 0.2.0 40.18 OK
r-devel-windows-x86_64 0.2.0 3.00 45.00 48.00 OK
r-patched-linux-x86_64 0.2.0 2.33 22.70 25.03 NOTE
r-release-linux-x86_64 0.2.0 2.07 22.67 24.74 NOTE
r-release-macos-arm64 0.2.0 21.00 NOTE
r-release-macos-x86_64 0.2.0 26.00 NOTE
r-release-windows-x86_64 0.2.0 3.00 46.00 49.00 NOTE
r-oldrel-macos-arm64 0.2.0 21.00 NOTE
r-oldrel-macos-x86_64 0.2.0 23.00 NOTE
r-oldrel-windows-x86_64 0.2.0 4.00 48.00 52.00 NOTE

Check Details

Version: 0.2.0
Check: LazyData
Result: NOTE 'LazyData' is specified without a 'data' directory Flavors: r-patched-linux-x86_64, r-release-linux-x86_64, r-release-macos-arm64, r-release-macos-x86_64, r-release-windows-x86_64, r-oldrel-macos-arm64, r-oldrel-macos-x86_64, r-oldrel-windows-x86_64