Last updated on 2025-07-04 05:49:18 CEST.
Flavor | Version | Tinstall | Tcheck | Ttotal | Status | Flags |
---|---|---|---|---|---|---|
r-devel-linux-x86_64-debian-clang | 1.0.0 | 53.62 | 49.95 | 103.57 | OK | |
r-devel-linux-x86_64-debian-gcc | 1.0.3 | 36.58 | 39.97 | 76.55 | OK | |
r-devel-linux-x86_64-fedora-clang | 1.0.3 | 201.85 | OK | |||
r-devel-linux-x86_64-fedora-gcc | 1.0.3 | 199.05 | OK | |||
r-devel-windows-x86_64 | 1.0.3 | 54.00 | 103.00 | 157.00 | OK | |
r-patched-linux-x86_64 | 1.0.0 | 54.00 | 46.63 | 100.63 | OK | |
r-release-linux-x86_64 | 1.0.0 | 51.94 | 45.69 | 97.63 | OK | |
r-release-macos-arm64 | 1.0.0 | 87.00 | OK | |||
r-release-macos-x86_64 | 1.0.3 | 128.00 | OK | |||
r-release-windows-x86_64 | 1.0.3 | 59.00 | 93.00 | 152.00 | OK | |
r-oldrel-macos-arm64 | 1.0.0 | 81.00 | NOTE | |||
r-oldrel-macos-x86_64 | 1.0.3 | 127.00 | NOTE | |||
r-oldrel-windows-x86_64 | 1.0.3 | 49.00 | 113.00 | 162.00 | OK |
Version: 1.0.0
Check: installed package size
Result: NOTE
installed size is 5.1Mb
sub-directories of 1Mb or more:
libs 4.5Mb
Flavor: r-oldrel-macos-arm64
Version: 1.0.3
Check: installed package size
Result: NOTE
installed size is 5.3Mb
sub-directories of 1Mb or more:
libs 4.7Mb
Flavor: r-oldrel-macos-x86_64