CRAN Package Check Results for Package cloudfs

Last updated on 2025-07-21 05:50:56 CEST.

Flavor Version Tinstall Tcheck Ttotal Status Flags
r-devel-linux-x86_64-debian-clang 0.1.3 5.56 50.30 55.86 NOTE
r-devel-linux-x86_64-debian-gcc 0.1.3 3.36 37.69 41.05 NOTE
r-devel-linux-x86_64-fedora-clang 0.1.3 87.39 NOTE
r-devel-linux-x86_64-fedora-gcc 0.1.3 95.59 NOTE
r-devel-windows-x86_64 0.1.3 7.00 79.00 86.00 NOTE
r-patched-linux-x86_64 0.1.3 6.43 46.77 53.20 NOTE
r-release-linux-x86_64 0.1.3 4.56 47.32 51.88 NOTE
r-release-macos-arm64 0.1.3 42.00 NOTE
r-release-macos-x86_64 0.1.3 63.00 NOTE
r-release-windows-x86_64 0.1.3 6.00 78.00 84.00 NOTE
r-oldrel-macos-arm64 0.1.3 39.00 OK
r-oldrel-macos-x86_64 0.1.3 53.00 OK
r-oldrel-windows-x86_64 0.1.3 9.00 88.00 97.00 OK

Check Details

Version: 0.1.3
Check: DESCRIPTION meta-information
Result: NOTE Missing dependency on R >= 4.1.0 because package code uses the pipe |> or function shorthand \(...) syntax added in R 4.1.0. File(s) using such syntax: ‘cloud_drive_download_bulk.Rd’ ‘cloud_drive_read_bulk.Rd’ ‘cloud_drive_upload_bulk.Rd’ ‘cloud_drive_write_bulk.Rd’ ‘cloud_s3_download_bulk.Rd’ ‘cloud_s3_read_bulk.Rd’ ‘cloud_s3_upload_bulk.Rd’ ‘cloud_s3_write_bulk.Rd’ Flavors: r-devel-linux-x86_64-debian-clang, r-devel-linux-x86_64-debian-gcc, r-devel-linux-x86_64-fedora-clang, r-devel-linux-x86_64-fedora-gcc, r-devel-windows-x86_64, r-patched-linux-x86_64, r-release-linux-x86_64, r-release-macos-arm64, r-release-macos-x86_64, r-release-windows-x86_64