CRAN Package Check Results for Package cloudUtil

Last updated on 2025-10-05 05:49:29 CEST.

Flavor Version Tinstall Tcheck Ttotal Status Flags
r-devel-linux-x86_64-debian-clang 0.1.12 1.73 31.88 33.61 NOTE
r-devel-linux-x86_64-debian-gcc 0.1.12 1.44 26.11 27.55 NOTE
r-devel-linux-x86_64-fedora-clang 0.1.12 50.07 OK
r-devel-linux-x86_64-fedora-gcc 0.1.12 59.95 OK
r-devel-windows-x86_64 0.1.12 4.00 82.00 86.00 OK
r-patched-linux-x86_64 0.1.12 1.73 30.64 32.37 OK
r-release-linux-x86_64 0.1.12 1.46 30.39 31.85 OK
r-release-macos-arm64 0.1.12 26.00 OK
r-release-macos-x86_64 0.1.12 49.00 OK
r-release-windows-x86_64 0.1.12 3.00 87.00 90.00 OK
r-oldrel-macos-arm64 0.1.12 27.00 OK
r-oldrel-macos-x86_64 0.1.12 40.00 OK
r-oldrel-windows-x86_64 0.1.12 2.00 78.00 80.00 OK

Check Details

Version: 0.1.12
Check: CRAN incoming feasibility
Result: NOTE Maintainer: ‘Christian Panse <cp@fgcz.ethz.ch>’ No Authors@R field in DESCRIPTION. Please add one, modifying Authors@R: c(person(given = "Christian", family = "Panse", role = c("aut", "cre"), email = "cp@fgcz.ethz.ch"), person(given = "Ermir", family = "Qeli", role = "aut", email = "ermir.qeli@gmail.com")) as necessary. Flavors: r-devel-linux-x86_64-debian-clang, r-devel-linux-x86_64-debian-gcc