CRAN Package Check Results for Package class

Last updated on 2025-07-12 05:48:26 CEST.

Flavor Version Tinstall Tcheck Ttotal Status Flags
r-devel-linux-x86_64-debian-clang 7.3-23 3.25 22.46 25.71 NOTE
r-devel-linux-x86_64-debian-gcc 7.3-23 2.43 18.10 20.53 NOTE
r-devel-linux-x86_64-fedora-clang 7.3-23 38.95 OK
r-devel-linux-x86_64-fedora-gcc 7.3-23 37.48 OK
r-devel-windows-x86_64 7.3-23 8.00 52.00 60.00 OK
r-patched-linux-x86_64 7.3-23 3.37 21.41 24.78 OK
r-release-linux-x86_64 7.3-23 3.00 21.07 24.07 OK
r-release-macos-arm64 7.3-23 18.00 OK
r-release-macos-x86_64 7.3-23 28.00 OK
r-release-windows-x86_64 7.3-23 8.00 53.00 61.00 OK
r-oldrel-macos-arm64 7.3-23 23.00 OK
r-oldrel-macos-x86_64 7.3-23 45.00 OK
r-oldrel-windows-x86_64 7.3-23 8.00 55.00 63.00 OK

Check Details

Version: 7.3-23
Check: CRAN incoming feasibility
Result: NOTE Maintainer: ‘Brian Ripley <Brian.Ripley@R-project.org>’ Package CITATION file contains call(s) to old-style personList() or as.personList(). Please use c() on person objects instead. Package CITATION file contains call(s) to old-style citEntry(). Please use bibentry() instead. Flavors: r-devel-linux-x86_64-debian-clang, r-devel-linux-x86_64-debian-gcc