Last updated on 2024-05-02 04:00:09 CEST.
Flavor | Version | Tinstall | Tcheck | Ttotal | Status | Flags |
---|---|---|---|---|---|---|
r-devel-linux-x86_64-debian-clang | 4.1.1 | 4.64 | 51.88 | 56.52 | OK | |
r-devel-linux-x86_64-debian-gcc | 4.1.1 | 4.50 | 38.71 | 43.21 | OK | |
r-devel-linux-x86_64-fedora-clang | 4.1.1 | 74.09 | NOTE | |||
r-devel-linux-x86_64-fedora-gcc | 4.1.1 | 90.81 | NOTE | |||
r-devel-windows-x86_64 | 4.1.1 | 6.00 | 61.00 | 67.00 | OK | |
r-patched-linux-x86_64 | 4.1.1 | 5.76 | 49.49 | 55.25 | OK | |
r-release-linux-x86_64 | 4.1.1 | 4.44 | 49.57 | 54.01 | OK | |
r-release-macos-arm64 | 4.1.1 | 30.00 | OK | |||
r-release-windows-x86_64 | 4.1.1 | 6.00 | 63.00 | 69.00 | OK | |
r-oldrel-macos-arm64 | 4.1.1 | 32.00 | OK | |||
r-oldrel-macos-x86_64 | 4.1.1 | 44.00 | OK | |||
r-oldrel-windows-x86_64 | 4.1.1 | 7.00 | 65.00 | 72.00 | OK |
Version: 4.1.1
Check: dependencies in R code
Result: NOTE
Namespace in Imports field not imported from: ‘htmltools’
All declared Imports should be used.
Flavors: r-devel-linux-x86_64-fedora-clang, r-devel-linux-x86_64-fedora-gcc