Last updated on 2024-05-02 04:00:09 CEST.
Flavor | Version | Tinstall | Tcheck | Ttotal | Status | Flags |
---|---|---|---|---|---|---|
r-devel-linux-x86_64-debian-clang | 0.1.8 | 12.60 | 583.89 | 596.49 | NOTE | |
r-devel-linux-x86_64-debian-gcc | 0.1.8 | 9.15 | 501.44 | 510.59 | NOTE | |
r-devel-linux-x86_64-fedora-clang | 0.1.8 | 730.15 | NOTE | |||
r-devel-linux-x86_64-fedora-gcc | 0.1.8 | 756.38 | NOTE | |||
r-devel-windows-x86_64 | 0.1.8 | 12.00 | 492.00 | 504.00 | NOTE | |
r-patched-linux-x86_64 | 0.1.8 | 8.06 | 567.45 | 575.51 | NOTE | |
r-release-linux-x86_64 | 0.1.8 | 11.67 | 579.43 | 591.10 | NOTE | |
r-release-macos-arm64 | 0.1.8 | 289.00 | NOTE | |||
r-release-windows-x86_64 | 0.1.8 | 12.00 | 470.00 | 482.00 | NOTE | |
r-oldrel-macos-arm64 | 0.1.8 | 275.00 | NOTE | |||
r-oldrel-macos-x86_64 | 0.1.8 | 440.00 | NOTE | |||
r-oldrel-windows-x86_64 | 0.1.8 | 17.00 | 609.00 | 626.00 | NOTE |
Version: 0.1.8
Check: package dependencies
Result: NOTE
Package suggested but not available for checking: ‘countreg’
Flavors: r-devel-linux-x86_64-debian-clang, r-devel-linux-x86_64-debian-gcc, r-devel-linux-x86_64-fedora-clang, r-devel-linux-x86_64-fedora-gcc, r-devel-windows-x86_64, r-patched-linux-x86_64, r-release-linux-x86_64, r-release-macos-arm64, r-release-windows-x86_64, r-oldrel-macos-x86_64, r-oldrel-windows-x86_64
Version: 0.1.8
Check: dependencies in R code
Result: NOTE
Namespaces in Imports field not imported from:
'knitr' 'rmarkdown'
All declared Imports should be used.
Flavors: r-devel-linux-x86_64-fedora-clang, r-devel-linux-x86_64-fedora-gcc
Version: 0.1.8
Check: package dependencies
Result: NOTE
Packages suggested but not available for checking:
'GenomicInteractions', 'Gviz', 'countreg'
Flavor: r-oldrel-macos-arm64