Last updated on 2025-07-27 05:48:27 CEST.
Flavor | Version | Tinstall | Tcheck | Ttotal | Status | Flags |
---|---|---|---|---|---|---|
r-devel-linux-x86_64-debian-clang | 1.0.0 | 2.85 | 106.98 | 109.83 | OK | |
r-devel-linux-x86_64-debian-gcc | 1.0.0 | 2.14 | 73.38 | 75.52 | OK | |
r-devel-linux-x86_64-fedora-clang | 1.0.0 | 170.17 | NOTE | |||
r-devel-linux-x86_64-fedora-gcc | 1.0.0 | 182.54 | NOTE | |||
r-devel-windows-x86_64 | 1.0.0 | 5.00 | 129.00 | 134.00 | OK | |
r-patched-linux-x86_64 | 1.0.0 | 2.65 | 100.71 | 103.36 | OK | |
r-release-linux-x86_64 | 1.0.0 | 1.90 | 99.43 | 101.33 | OK | |
r-release-macos-arm64 | 1.0.0 | 57.00 | OK | |||
r-release-macos-x86_64 | 1.0.0 | 115.00 | OK | |||
r-release-windows-x86_64 | 1.0.0 | 5.00 | 119.00 | 124.00 | OK | |
r-oldrel-macos-arm64 | 1.0.0 | 53.00 | OK | |||
r-oldrel-macos-x86_64 | 1.0.0 | 85.00 | OK | |||
r-oldrel-windows-x86_64 | 1.0.0 | 6.00 | 155.00 | 161.00 | OK |
Version: 1.0.0
Check: dependencies in R code
Result: NOTE
Namespaces in Imports field not imported from:
‘AER’ ‘graphics’ ‘lmtest’
All declared Imports should be used.
Flavors: r-devel-linux-x86_64-fedora-clang, r-devel-linux-x86_64-fedora-gcc