CRAN Package Check Results for Package cgaim

Last updated on 2025-05-16 05:49:03 CEST.

Flavor Version Tinstall Tcheck Ttotal Status Flags
r-devel-linux-x86_64-debian-clang 1.0.1 10.30 143.33 153.63 NOTE
r-devel-linux-x86_64-debian-gcc 1.0.1 7.35 103.66 111.01 NOTE
r-devel-linux-x86_64-fedora-clang 1.0.1 261.96 OK
r-devel-linux-x86_64-fedora-gcc 1.0.1 251.09 OK
r-devel-windows-x86_64 1.0.1 14.00 138.00 152.00 NOTE
r-patched-linux-x86_64 1.0.1 12.36 135.51 147.87 NOTE
r-release-linux-x86_64 1.0.1 13.19 134.20 147.39 NOTE
r-release-macos-arm64 1.0.1 60.00 OK
r-release-macos-x86_64 1.0.1 126.00 OK
r-release-windows-x86_64 1.0.1 13.00 140.00 153.00 NOTE
r-oldrel-macos-arm64 1.0.1 64.00 OK
r-oldrel-macos-x86_64 1.0.1 104.00 OK
r-oldrel-windows-x86_64 1.0.1 17.00 178.00 195.00 OK

Check Details

Version: 1.0.1
Check: Rd cross-references
Result: NOTE Found the following Rd file(s) with Rd \link{} targets missing package anchors: boot.cgaim.Rd: doParallel Please provide package anchors for all Rd \link{} targets not in the package itself and the base packages. Flavors: r-devel-linux-x86_64-debian-clang, r-devel-linux-x86_64-debian-gcc, r-devel-windows-x86_64, r-patched-linux-x86_64, r-release-linux-x86_64, r-release-windows-x86_64