Last updated on 2025-02-06 05:49:06 CET.
Flavor | Version | Tinstall | Tcheck | Ttotal | Status | Flags |
---|---|---|---|---|---|---|
r-devel-linux-x86_64-debian-clang | 1.0.0 | 2.60 | 28.97 | 31.57 | OK | |
r-devel-linux-x86_64-debian-gcc | 1.0.0 | 1.89 | 21.86 | 23.75 | OK | |
r-devel-linux-x86_64-fedora-clang | 1.0.0 | 52.56 | NOTE | |||
r-devel-linux-x86_64-fedora-gcc | 1.0.0 | 62.02 | NOTE | |||
r-devel-windows-x86_64 | 1.0.0 | 5.00 | 50.00 | 55.00 | OK | |
r-patched-linux-x86_64 | 1.0.0 | 2.48 | 27.29 | 29.77 | OK | |
r-release-linux-x86_64 | 1.0.0 | 2.21 | 27.39 | 29.60 | OK | |
r-release-macos-arm64 | 1.0.0 | 27.00 | OK | |||
r-release-macos-x86_64 | 1.0.0 | 40.00 | OK | |||
r-release-windows-x86_64 | 1.0.0 | 4.00 | 50.00 | 54.00 | OK | |
r-oldrel-macos-arm64 | 1.0.0 | 29.00 | OK | |||
r-oldrel-macos-x86_64 | 1.0.0 | 34.00 | OK | |||
r-oldrel-windows-x86_64 | 1.0.0 | 6.00 | 52.00 | 58.00 | OK |
Version: 1.0.0
Check: dependencies in R code
Result: NOTE
Namespace in Imports field not imported from: ‘lmtest’
All declared Imports should be used.
Flavors: r-devel-linux-x86_64-fedora-clang, r-devel-linux-x86_64-fedora-gcc