Last updated on 2025-01-19 03:49:14 CET.
Flavor | Version | Tinstall | Tcheck | Ttotal | Status | Flags |
---|---|---|---|---|---|---|
r-devel-linux-x86_64-debian-clang | 2.5.3 | 111.46 | 271.86 | 383.32 | OK | |
r-devel-linux-x86_64-debian-gcc | 2.5.3 | 79.76 | 194.42 | 274.18 | OK | |
r-devel-linux-x86_64-fedora-clang | 2.5.3 | 670.40 | OK | |||
r-devel-linux-x86_64-fedora-gcc | 2.5.3 | 683.81 | OK | |||
r-devel-windows-x86_64 | 2.5.3 | 116.00 | 280.00 | 396.00 | OK | |
r-patched-linux-x86_64 | 2.5.3 | 105.80 | 258.08 | 363.88 | OK | |
r-release-linux-x86_64 | 2.5.3 | 114.10 | 258.57 | 372.67 | OK | |
r-release-macos-arm64 | 2.5.3 | 147.00 | NOTE | |||
r-release-macos-x86_64 | 2.5.3 | 217.00 | NOTE | |||
r-release-windows-x86_64 | 2.5.3 | 117.00 | 286.00 | 403.00 | NOTE | |
r-oldrel-macos-arm64 | 2.5.3 | 169.00 | NOTE | |||
r-oldrel-macos-x86_64 | 2.5.3 | 309.00 | NOTE | |||
r-oldrel-windows-x86_64 | 2.5.3 | 133.00 | 343.00 | 476.00 | NOTE |
Version: 2.5.3
Check: installed package size
Result: NOTE
installed size is 15.1Mb
sub-directories of 1Mb or more:
data 3.2Mb
doc 2.0Mb
libs 9.5Mb
Flavors: r-release-macos-arm64, r-release-macos-x86_64, r-release-windows-x86_64, r-oldrel-macos-arm64, r-oldrel-macos-x86_64, r-oldrel-windows-x86_64