Last updated on 2025-02-06 05:49:06 CET.
Flavor | Version | Tinstall | Tcheck | Ttotal | Status | Flags |
---|---|---|---|---|---|---|
r-devel-linux-x86_64-debian-clang | 3.0.3 | 6.51 | 55.90 | 62.41 | NOTE | |
r-devel-linux-x86_64-debian-gcc | 3.0.3 | 5.03 | 38.85 | 43.88 | NOTE | |
r-devel-linux-x86_64-fedora-clang | 3.0.3 | 101.30 | NOTE | |||
r-devel-linux-x86_64-fedora-gcc | 3.0.3 | 92.50 | NOTE | |||
r-devel-windows-x86_64 | 3.0.3 | 8.00 | 74.00 | 82.00 | NOTE | |
r-patched-linux-x86_64 | 3.0.3 | 6.81 | 50.18 | 56.99 | OK | |
r-release-linux-x86_64 | 3.0.3 | 5.08 | 50.26 | 55.34 | OK | |
r-release-macos-arm64 | 3.0.3 | 30.00 | OK | |||
r-release-macos-x86_64 | 3.0.3 | 69.00 | OK | |||
r-release-windows-x86_64 | 3.0.3 | 8.00 | 69.00 | 77.00 | OK | |
r-oldrel-macos-arm64 | 3.0.3 | 33.00 | OK | |||
r-oldrel-macos-x86_64 | 3.0.3 | 72.00 | OK | |||
r-oldrel-windows-x86_64 | 3.0.3 | 10.00 | 81.00 | 91.00 | OK |
Version: 3.0.3
Check: DESCRIPTION meta-information
Result: NOTE
Missing dependency on R >= 4.1.0 because package code uses the pipe
|> or function shorthand \(...) syntax added in R 4.1.0.
File(s) using such syntax:
‘auxiliary_funcs.R’ ‘ccc_sim_data.R’ ‘lme_model.R’
‘variance_components.R’
Flavors: r-devel-linux-x86_64-debian-clang, r-devel-linux-x86_64-debian-gcc, r-devel-linux-x86_64-fedora-clang, r-devel-linux-x86_64-fedora-gcc, r-devel-windows-x86_64