CRAN Package Check Results for Package causalsens

Last updated on 2025-07-04 05:49:18 CEST.

Flavor Version Tinstall Tcheck Ttotal Status Flags
r-devel-linux-x86_64-debian-clang 0.1.3 1.94 24.15 26.09 NOTE
r-devel-linux-x86_64-debian-gcc 0.1.3 1.36 20.60 21.96 NOTE
r-devel-linux-x86_64-fedora-clang 0.1.3 41.15 OK
r-devel-linux-x86_64-fedora-gcc 0.1.3 49.18 OK
r-devel-windows-x86_64 0.1.3 4.00 45.00 49.00 OK
r-patched-linux-x86_64 0.1.3 2.01 23.06 25.07 OK
r-release-linux-x86_64 0.1.3 1.78 23.52 25.30 OK
r-release-macos-arm64 0.1.3 35.00 OK
r-release-macos-x86_64 0.1.3 42.00 OK
r-release-windows-x86_64 0.1.3 4.00 45.00 49.00 OK
r-oldrel-macos-arm64 0.1.3 28.00 OK
r-oldrel-macos-x86_64 0.1.3 39.00 OK
r-oldrel-windows-x86_64 0.1.3 3.00 50.00 53.00 OK

Check Details

Version: 0.1.3
Check: CRAN incoming feasibility
Result: NOTE Maintainer: ‘Matthew Blackwell <mblackwell@gov.harvard.edu>’ No Authors@R field in DESCRIPTION. Please add one, modifying Authors@R: person(given = "Matthew", family = "Blackwell", role = c("aut", "cre"), email = "mblackwell@gov.harvard.edu.edu") as necessary. Flavors: r-devel-linux-x86_64-debian-clang, r-devel-linux-x86_64-debian-gcc