Last updated on 2025-05-09 04:51:52 CEST.
Flavor | Version | Tinstall | Tcheck | Ttotal | Status | Flags |
---|---|---|---|---|---|---|
r-devel-linux-x86_64-debian-clang | 0.0.3 | 4.17 | 37.61 | 41.78 | OK | |
r-devel-linux-x86_64-debian-gcc | 0.0.3 | 3.31 | 28.25 | 31.56 | OK | |
r-devel-linux-x86_64-fedora-clang | 0.0.3 | 65.87 | OK | |||
r-devel-linux-x86_64-fedora-gcc | 0.0.3 | 75.94 | OK | |||
r-devel-windows-x86_64 | 0.0.3 | 5.00 | 54.00 | 59.00 | OK | |
r-patched-linux-x86_64 | 0.0.3 | 4.32 | 34.89 | 39.21 | OK | |
r-release-linux-x86_64 | 0.0.3 | 3.76 | 35.01 | 38.77 | OK | |
r-release-macos-arm64 | 0.0.3 | 37.00 | OK | |||
r-release-macos-x86_64 | 0.0.3 | 57.00 | OK | |||
r-release-windows-x86_64 | 0.0.3 | 5.00 | 55.00 | 60.00 | OK | |
r-oldrel-macos-arm64 | 0.0.3 | 29.00 | NOTE | |||
r-oldrel-macos-x86_64 | 0.0.3 | 49.00 | NOTE | |||
r-oldrel-windows-x86_64 | 0.0.3 | 7.00 | 69.00 | 76.00 | NOTE |
Version: 0.0.3
Check: LazyData
Result: NOTE
'LazyData' is specified without a 'data' directory
Flavors: r-oldrel-macos-arm64, r-oldrel-macos-x86_64, r-oldrel-windows-x86_64