Last updated on 2025-02-20 04:51:06 CET.
Flavor | Version | Tinstall | Tcheck | Ttotal | Status | Flags |
---|---|---|---|---|---|---|
r-devel-linux-x86_64-debian-clang | 0.1.1 | 2.24 | 26.84 | 29.08 | OK | |
r-devel-linux-x86_64-debian-gcc | 0.1.1 | 1.79 | 21.02 | 22.81 | OK | |
r-devel-linux-x86_64-fedora-clang | 0.1.1 | 47.72 | OK | |||
r-devel-linux-x86_64-fedora-gcc | 0.1.1 | 45.19 | OK | |||
r-devel-macos-arm64 | 0.1.1 | 21.00 | OK | |||
r-devel-macos-x86_64 | 0.1.1 | 48.00 | OK | |||
r-devel-windows-x86_64 | 0.1.1 | 6.00 | 50.00 | 56.00 | OK | |
r-patched-linux-x86_64 | 0.1.1 | 2.10 | 25.59 | 27.69 | OK | |
r-release-linux-x86_64 | 0.1.1 | 2.03 | 25.96 | 27.99 | OK | |
r-release-macos-arm64 | 0.1.1 | 19.00 | OK | |||
r-release-macos-x86_64 | 0.1.1 | 28.00 | OK | |||
r-release-windows-x86_64 | 0.1.1 | 5.00 | 3.00 | 8.00 | FAIL | |
r-oldrel-macos-arm64 | 0.1.1 | 25.00 | OK | |||
r-oldrel-macos-x86_64 | 0.1.1 | 32.00 | OK | |||
r-oldrel-windows-x86_64 | 0.1.1 | 5.00 | 58.00 | 63.00 | OK |
Version: 0.1.1
Check: package dependencies
Result: FAIL
Flavor: r-release-windows-x86_64