CRAN Package Check Results for Package bujar

Last updated on 2025-07-05 05:50:23 CEST.

Flavor Version Tinstall Tcheck Ttotal Status Flags
r-devel-linux-x86_64-debian-clang 0.2-11 15.93 133.69 149.62 NOTE
r-devel-linux-x86_64-debian-gcc 0.2-11 9.46 94.41 103.87 NOTE
r-devel-linux-x86_64-fedora-clang 0.2-11 229.91 OK
r-devel-linux-x86_64-fedora-gcc 0.2-11 226.56 OK
r-devel-windows-x86_64 0.2-11 17.00 143.00 160.00 OK
r-patched-linux-x86_64 0.2-11 15.58 127.01 142.59 OK
r-release-linux-x86_64 0.2-11 12.98 127.00 139.98 OK
r-release-macos-arm64 0.2-11 79.00 OK
r-release-macos-x86_64 0.2-11 199.00 OK
r-release-windows-x86_64 0.2-11 17.00 148.00 165.00 OK
r-oldrel-macos-arm64 0.2-11 66.00 OK
r-oldrel-macos-x86_64 0.2-11 94.00 OK
r-oldrel-windows-x86_64 0.2-11 22.00 177.00 199.00 OK

Check Details

Version: 0.2-11
Check: CRAN incoming feasibility
Result: NOTE Maintainer: ‘Zhu Wang <zwang145@uthsc.edu>’ No Authors@R field in DESCRIPTION. Please add one, modifying Authors@R: c(person(given = "Zhu", family = "Wang", role = c("aut", "cre"), email = "https://orcid.org/0000-0002-0773-0052"), person(family = "others", role = "aut", comment = "see COPYRIGHTS")) as necessary. Flavors: r-devel-linux-x86_64-debian-clang, r-devel-linux-x86_64-debian-gcc