Last updated on 2025-05-09 04:51:52 CEST.
Flavor | Version | Tinstall | Tcheck | Ttotal | Status | Flags |
---|---|---|---|---|---|---|
r-devel-linux-x86_64-debian-clang | 0.1.1 | 3.59 | 35.77 | 39.36 | NOTE | |
r-devel-linux-x86_64-debian-gcc | 0.1.1 | 2.83 | 26.84 | 29.67 | NOTE | |
r-devel-linux-x86_64-fedora-clang | 0.1.1 | 63.79 | NOTE | |||
r-devel-linux-x86_64-fedora-gcc | 0.1.1 | 73.54 | NOTE | |||
r-devel-windows-x86_64 | 0.1.1 | 5.00 | 53.00 | 58.00 | NOTE | |
r-patched-linux-x86_64 | 0.1.1 | 3.42 | 34.40 | 37.82 | NOTE | |
r-release-linux-x86_64 | 0.1.1 | 3.66 | 34.15 | 37.81 | NOTE | |
r-release-macos-arm64 | 0.1.1 | 29.00 | NOTE | |||
r-release-macos-x86_64 | 0.1.1 | 58.00 | NOTE | |||
r-release-windows-x86_64 | 0.1.1 | 4.00 | 58.00 | 62.00 | NOTE | |
r-oldrel-macos-arm64 | 0.1.1 | 32.00 | NOTE | |||
r-oldrel-macos-x86_64 | 0.1.1 | 43.00 | NOTE | |||
r-oldrel-windows-x86_64 | 0.1.1 | 5.00 | 63.00 | 68.00 | NOTE |
Version: 0.1.1
Check: Rd files
Result: NOTE
checkRd: (-1) bubbleHMLegends.Rd:42: Lost braces; missing escapes or markup?
42 | function. If {sizeBreaks} vector is supplied then this will be ignored and
| ^
checkRd: (-1) bubbleHeatmap.Rd:96: Lost braces; missing escapes or markup?
96 | function. If {sizeBreaks} vector is supplied then this will be ignored and
| ^
checkRd: (-1) multiPlotInput.Rd:117: Lost braces; missing escapes or markup?
117 | \code{unitBase}. This will be supplied to pretty function. If {sizeBreaks} is
| ^
Flavors: r-devel-linux-x86_64-debian-clang, r-devel-linux-x86_64-debian-gcc, r-devel-linux-x86_64-fedora-clang, r-devel-linux-x86_64-fedora-gcc, r-devel-windows-x86_64, r-patched-linux-x86_64, r-release-linux-x86_64, r-release-macos-arm64, r-release-macos-x86_64, r-release-windows-x86_64, r-oldrel-macos-arm64, r-oldrel-macos-x86_64, r-oldrel-windows-x86_64