CRAN Package Check Results for Package bsitar

Last updated on 2025-01-13 03:49:21 CET.

Flavor Version Tinstall Tcheck Ttotal Status Flags
r-devel-linux-x86_64-debian-clang 0.2.1 66.02 299.77 365.79 NOTE
r-devel-linux-x86_64-debian-gcc 0.2.1 37.34 189.41 226.75 NOTE
r-devel-linux-x86_64-fedora-clang 0.2.1 630.22 OK
r-devel-linux-x86_64-fedora-gcc 0.2.1 591.29 OK
r-devel-windows-x86_64 0.2.1 57.00 253.00 310.00 NOTE
r-patched-linux-x86_64 0.2.1 59.37 278.25 337.62 OK
r-release-linux-x86_64 0.2.1 53.18 276.21 329.39 OK
r-release-macos-arm64 0.2.1 151.00 OK
r-release-macos-x86_64 0.2.1 224.00 OK
r-release-windows-x86_64 0.2.1 55.00 253.00 308.00 OK
r-oldrel-macos-arm64 0.2.1 165.00 OK
r-oldrel-macos-x86_64 0.2.1 418.00 OK
r-oldrel-windows-x86_64 0.2.1 76.00 334.00 410.00 OK

Check Details

Version: 0.2.1
Check: Rd cross-references
Result: NOTE Found the following Rd file(s) with Rd \link{} targets missing package anchors: bsitar.Rd: opencl, save_pars, brmsfit_needs_refit update_model.bgmfit.Rd: brms Please provide package anchors for all Rd \link{} targets not in the package itself and the base packages. Flavors: r-devel-linux-x86_64-debian-clang, r-devel-linux-x86_64-debian-gcc, r-devel-windows-x86_64