Last updated on 2024-05-02 04:00:08 CEST.
Flavor | Version | Tinstall | Tcheck | Ttotal | Status | Flags |
---|---|---|---|---|---|---|
r-devel-linux-x86_64-debian-clang | 0.1.2 | 37.19 | 226.98 | 264.17 | NOTE | |
r-devel-linux-x86_64-debian-gcc | 0.1.2 | 29.04 | 162.95 | 191.99 | NOTE | |
r-devel-linux-x86_64-fedora-clang | 0.1.2 | 336.71 | NOTE | |||
r-devel-linux-x86_64-fedora-gcc | 0.1.2 | 321.43 | NOTE | |||
r-devel-windows-x86_64 | 0.1.2 | 24.00 | 150.00 | 174.00 | NOTE | |
r-patched-linux-x86_64 | 0.1.2 | 0.28 | 1.93 | 2.21 | ERROR | |
r-release-linux-x86_64 | 0.1.2 | 28.26 | 215.60 | 243.86 | NOTE | |
r-release-macos-arm64 | 0.1.2 | 82.00 | NOTE | |||
r-release-windows-x86_64 | 0.1.2 | 25.00 | 154.00 | 179.00 | NOTE | |
r-oldrel-macos-arm64 | 0.1.2 | 75.00 | NOTE | |||
r-oldrel-macos-x86_64 | 0.1.2 | 127.00 | NOTE | |||
r-oldrel-windows-x86_64 | 0.1.2 | 32.00 | 194.00 | 226.00 | NOTE |
Version: 0.1.2
Check: LazyData
Result: NOTE
'LazyData' is specified without a 'data' directory
Flavors: r-devel-linux-x86_64-debian-clang, r-devel-linux-x86_64-debian-gcc, r-devel-linux-x86_64-fedora-clang, r-devel-linux-x86_64-fedora-gcc, r-devel-windows-x86_64, r-release-linux-x86_64, r-release-macos-arm64, r-release-windows-x86_64, r-oldrel-macos-arm64, r-oldrel-macos-x86_64, r-oldrel-windows-x86_64
Version: 0.1.2
Check: package dependencies
Result: ERROR
Package required but not available: ‘blavaan’
See section ‘The DESCRIPTION file’ in the ‘Writing R Extensions’
manual.
Flavor: r-patched-linux-x86_64