Last updated on 2025-02-20 04:51:06 CET.
Flavor | Version | Tinstall | Tcheck | Ttotal | Status | Flags |
---|---|---|---|---|---|---|
r-devel-linux-x86_64-debian-clang | 0.84 | 6.95 | 45.52 | 52.47 | OK | |
r-devel-linux-x86_64-debian-gcc | 0.84 | 4.13 | 33.07 | 37.20 | OK | |
r-devel-linux-x86_64-fedora-clang | 0.84 | 79.01 | OK | |||
r-devel-linux-x86_64-fedora-gcc | 0.84 | 75.90 | OK | |||
r-devel-macos-arm64 | 0.84 | 31.00 | OK | |||
r-devel-macos-x86_64 | 0.84 | 60.00 | OK | |||
r-devel-windows-x86_64 | 0.84 | 12.00 | 78.00 | 90.00 | OK | |
r-patched-linux-x86_64 | 0.84 | 6.75 | 43.05 | 49.80 | OK | |
r-release-linux-x86_64 | 0.84 | 5.82 | 43.12 | 48.94 | OK | |
r-release-macos-arm64 | 0.84 | 31.00 | OK | |||
r-release-macos-x86_64 | 0.84 | 57.00 | OK | |||
r-release-windows-x86_64 | 0.84 | 12.00 | 3.00 | 15.00 | FAIL | |
r-oldrel-macos-arm64 | 0.84 | 34.00 | OK | |||
r-oldrel-macos-x86_64 | 0.84 | 65.00 | OK | |||
r-oldrel-windows-x86_64 | 0.84 | 13.00 | 85.00 | 98.00 | OK |
Version: 0.84
Check: package dependencies
Result: FAIL
Flavor: r-release-windows-x86_64