CRAN Package Check Results for Package brlrmr

Last updated on 2025-07-04 05:49:17 CEST.

Flavor Version Tinstall Tcheck Ttotal Status Flags
r-devel-linux-x86_64-debian-clang 0.1.7 2.62 23.62 26.24 OK
r-devel-linux-x86_64-debian-gcc 0.1.7 1.95 18.69 20.64 OK
r-devel-linux-x86_64-fedora-clang 0.1.7 40.28 NOTE
r-devel-linux-x86_64-fedora-gcc 0.1.7 38.14 NOTE
r-devel-windows-x86_64 0.1.7 3.00 46.00 49.00 OK
r-patched-linux-x86_64 0.1.7 2.80 22.43 25.23 OK
r-release-linux-x86_64 0.1.7 2.50 22.37 24.87 OK
r-release-macos-arm64 0.1.7 17.00 OK
r-release-macos-x86_64 0.1.7 27.00 OK
r-release-windows-x86_64 0.1.7 3.00 45.00 48.00 OK
r-oldrel-macos-arm64 0.1.7 17.00 OK
r-oldrel-macos-x86_64 0.1.7 24.00 OK
r-oldrel-windows-x86_64 0.1.7 4.00 50.00 54.00 OK

Check Details

Version: 0.1.7
Check: dependencies in R code
Result: NOTE Namespaces in Imports field not imported from: ‘Rcpp’ ‘profileModel’ All declared Imports should be used. Flavors: r-devel-linux-x86_64-fedora-clang, r-devel-linux-x86_64-fedora-gcc