CRAN Package Check Results for Package bootStepAIC

Last updated on 2025-07-03 04:50:51 CEST.

Flavor Version Tinstall Tcheck Ttotal Status Flags
r-devel-linux-x86_64-debian-clang 1.3-0 1.67 32.32 33.99 NOTE
r-devel-linux-x86_64-debian-gcc 1.3-0 1.54 24.54 26.08 NOTE
r-devel-linux-x86_64-fedora-clang 1.3-0 51.33 OK
r-devel-linux-x86_64-fedora-gcc 1.3-0 50.97 OK
r-devel-windows-x86_64 1.3-0 3.00 50.00 53.00 OK
r-patched-linux-x86_64 1.3-0 1.74 30.34 32.08 NOTE
r-release-linux-x86_64 1.3-0 1.76 30.98 32.74 NOTE
r-release-macos-arm64 1.3-0 19.00 OK
r-release-macos-x86_64 1.3-0 50.00 OK
r-release-windows-x86_64 1.3-0 3.00 52.00 55.00 OK
r-oldrel-macos-arm64 1.3-0 26.00 OK
r-oldrel-macos-x86_64 1.3-0 33.00 OK
r-oldrel-windows-x86_64 1.3-0 4.00 58.00 62.00 OK

Check Details

Version: 1.3-0
Check: CRAN incoming feasibility
Result: NOTE Maintainer: ‘Dimitris Rizopoulos <d.rizopoulos@erasmusmc.nl>’ No Authors@R field in DESCRIPTION. Please add one, modifying Authors@R: person(given = "Dimitris", family = "Rizopoulos", role = c("aut", "cre"), email = "d.rizopoulos@erasmusmc.nl") as necessary. Flavors: r-devel-linux-x86_64-debian-clang, r-devel-linux-x86_64-debian-gcc

Version: 1.3-0
Check: for unstated dependencies in ‘demo’
Result: NOTE 'library' or 'require' call not declared from: ‘survival’ Flavors: r-devel-linux-x86_64-debian-clang, r-devel-linux-x86_64-debian-gcc, r-patched-linux-x86_64, r-release-linux-x86_64