CRAN Package Check Results for Package bootGOF

Last updated on 2025-01-24 03:49:46 CET.

Flavor Version Tinstall Tcheck Ttotal Status Flags
r-devel-linux-x86_64-debian-clang 0.1.0 10.88 36.15 47.03 OK
r-devel-linux-x86_64-debian-gcc 0.1.0 7.00 28.67 35.67 OK
r-devel-linux-x86_64-fedora-clang 0.1.0 79.21 NOTE
r-devel-linux-x86_64-fedora-gcc 0.1.0 87.25 NOTE
r-devel-windows-x86_64 0.1.0 10.00 61.00 71.00 OK
r-patched-linux-x86_64 0.1.0 10.77 34.29 45.06 OK
r-release-linux-x86_64 0.1.0 10.21 34.73 44.94 OK
r-release-macos-arm64 0.1.0 33.00 OK
r-release-macos-x86_64 0.1.0 47.00 OK
r-release-windows-x86_64 0.1.0 11.00 59.00 70.00 OK
r-oldrel-macos-arm64 0.1.0 34.00 OK
r-oldrel-macos-x86_64 0.1.0 52.00 OK
r-oldrel-windows-x86_64 0.1.0 10.00 64.00 74.00 OK

Check Details

Version: 0.1.0
Check: dependencies in R code
Result: NOTE Namespace in Imports field not imported from: ‘R6’ All declared Imports should be used. Flavors: r-devel-linux-x86_64-fedora-clang, r-devel-linux-x86_64-fedora-gcc