Last updated on 2024-05-01 03:53:32 CEST.
Flavor | Version | Tinstall | Tcheck | Ttotal | Status | Flags |
---|---|---|---|---|---|---|
r-devel-linux-x86_64-debian-clang | 1.3.15 | 350.54 | 151.94 | 502.48 | OK | |
r-devel-linux-x86_64-debian-gcc | 1.3.15 | 323.34 | 131.16 | 454.50 | OK | |
r-devel-linux-x86_64-fedora-clang | 1.3.15 | 615.04 | NOTE | |||
r-devel-linux-x86_64-fedora-gcc | 1.3.15 | 768.52 | NOTE | |||
r-devel-windows-x86_64 | 1.3.15 | 245.00 | 156.00 | 401.00 | OK | |
r-patched-linux-x86_64 | 1.3.15 | 0.02 | 2.36 | 2.38 | ERROR | |
r-release-linux-x86_64 | 1.3.15 | 284.65 | 168.49 | 453.14 | OK | |
r-release-macos-arm64 | 1.3.15 | 164.00 | NOTE | |||
r-release-windows-x86_64 | 1.3.15 | 259.00 | 148.00 | 407.00 | OK | |
r-oldrel-macos-arm64 | 1.3.15 | 182.00 | NOTE | |||
r-oldrel-macos-x86_64 | 1.3.15 | 259.00 | NOTE | |||
r-oldrel-windows-x86_64 | 1.3.15 | 337.00 | 188.00 | 525.00 | OK |
Version: 1.3.15
Check: dependencies in R code
Result: NOTE
Namespaces in Imports field not imported from:
‘RcppParallel’ ‘rstantools’
All declared Imports should be used.
Flavors: r-devel-linux-x86_64-fedora-clang, r-devel-linux-x86_64-fedora-gcc
Version: 1.3.15
Check: for GNU extensions in Makefiles
Result: NOTE
GNU make is a SystemRequirements.
Flavors: r-devel-linux-x86_64-fedora-clang, r-devel-linux-x86_64-fedora-gcc, r-release-macos-arm64, r-oldrel-macos-arm64, r-oldrel-macos-x86_64
Version: 1.3.15
Check: whether package can be installed
Result: ERROR
Installation failed.
Flavor: r-patched-linux-x86_64
Version: 1.3.15
Check: installed package size
Result: NOTE
installed size is 64.9Mb
sub-directories of 1Mb or more:
libs 64.6Mb
Flavors: r-release-macos-arm64, r-oldrel-macos-arm64, r-oldrel-macos-x86_64