Last updated on 2025-07-03 04:50:50 CEST.
Flavor | Version | Tinstall | Tcheck | Ttotal | Status | Flags |
---|---|---|---|---|---|---|
r-devel-linux-x86_64-debian-clang | 0.5 | 11.87 | 89.30 | 101.17 | NOTE | |
r-devel-linux-x86_64-debian-gcc | 0.5 | 7.99 | 66.41 | 74.40 | NOTE | |
r-devel-linux-x86_64-fedora-clang | 0.5 | 156.15 | OK | |||
r-devel-linux-x86_64-fedora-gcc | 0.5 | 173.53 | OK | |||
r-devel-windows-x86_64 | 0.5 | 13.00 | 102.00 | 115.00 | NOTE | |
r-patched-linux-x86_64 | 0.5 | 10.66 | 85.48 | 96.14 | NOTE | |
r-release-linux-x86_64 | 0.5 | 10.77 | 83.37 | 94.14 | NOTE | |
r-release-macos-arm64 | 0.5 | 79.00 | OK | |||
r-release-macos-x86_64 | 0.5 | 120.00 | OK | |||
r-release-windows-x86_64 | 0.5 | 15.00 | 103.00 | 118.00 | NOTE | |
r-oldrel-macos-arm64 | 0.5 | 59.00 | OK | |||
r-oldrel-macos-x86_64 | 0.5 | 89.00 | OK | |||
r-oldrel-windows-x86_64 | 0.5 | 17.00 | 137.00 | 154.00 | OK |
Version: 0.5
Check: Rd cross-references
Result: NOTE
Found the following Rd file(s) with Rd \link{} targets missing package
anchors:
bmem.Rd: sem
power.bmem.Rd: model.syntax
power.curve.Rd: model.syntax
summary.power.Rd: lavaan
Please provide package anchors for all Rd \link{} targets not in the
package itself and the base packages.
Flavors: r-devel-linux-x86_64-debian-clang, r-devel-linux-x86_64-debian-gcc, r-devel-windows-x86_64, r-patched-linux-x86_64, r-release-linux-x86_64, r-release-windows-x86_64