Last updated on 2024-05-01 03:53:32 CEST.
Flavor | Version | Tinstall | Tcheck | Ttotal | Status | Flags |
---|---|---|---|---|---|---|
r-devel-linux-x86_64-debian-clang | 4.0.5 | 17.43 | 62.79 | 80.22 | NOTE | |
r-devel-linux-x86_64-debian-gcc | 4.0.5 | 12.43 | 47.59 | 60.02 | NOTE | |
r-devel-linux-x86_64-fedora-clang | 4.0.5 | 97.87 | NOTE | |||
r-devel-linux-x86_64-fedora-gcc | 4.0.5 | 95.46 | NOTE | |||
r-devel-windows-x86_64 | 4.0.5 | 19.00 | 80.00 | 99.00 | NOTE | |
r-patched-linux-x86_64 | 4.0.5 | 22.78 | 61.60 | 84.38 | NOTE | |
r-release-linux-x86_64 | 4.0.5 | 16.15 | 60.20 | 76.35 | NOTE | |
r-release-macos-arm64 | 4.0.5 | 27.00 | NOTE | |||
r-release-windows-x86_64 | 4.0.5 | 18.00 | 81.00 | 99.00 | NOTE | |
r-oldrel-macos-arm64 | 4.0.5 | 32.00 | OK | |||
r-oldrel-macos-x86_64 | 4.0.5 | 39.00 | OK | |||
r-oldrel-windows-x86_64 | 4.0.5 | 24.00 | 88.00 | 112.00 | OK |
Version: 4.0.5
Check: Rd files
Result: NOTE
checkRd: (-1) keypos.rd:27: Lost braces
27 | an integer vector of the same length as code{x} containing positions relativ to code{sort(unique(x), na.last=FALSE)}
| ^
checkRd: (-1) keypos.rd:27: Lost braces
27 | an integer vector of the same length as code{x} containing positions relativ to code{sort(unique(x), na.last=FALSE)}
| ^
Flavors: r-devel-linux-x86_64-debian-clang, r-devel-linux-x86_64-debian-gcc, r-devel-linux-x86_64-fedora-clang, r-devel-linux-x86_64-fedora-gcc, r-devel-windows-x86_64, r-patched-linux-x86_64, r-release-linux-x86_64, r-release-macos-arm64, r-release-windows-x86_64