Last updated on 2025-02-20 04:51:05 CET.
Flavor | Version | Tinstall | Tcheck | Ttotal | Status | Flags |
---|---|---|---|---|---|---|
r-devel-linux-x86_64-debian-clang | 1.0.1 | 52.72 | 28.08 | 80.80 | OK | |
r-devel-linux-x86_64-debian-gcc | 1.0.1 | 36.98 | 21.57 | 58.55 | OK | |
r-devel-linux-x86_64-fedora-clang | 1.0.1 | 142.45 | OK | |||
r-devel-linux-x86_64-fedora-gcc | 1.0.1 | 144.85 | OK | |||
r-devel-macos-arm64 | 1.0.1 | 36.00 | OK | |||
r-devel-macos-x86_64 | 1.0.1 | 63.00 | OK | |||
r-devel-windows-x86_64 | 1.0.1 | 52.00 | 68.00 | 120.00 | OK | |
r-patched-linux-x86_64 | 1.0.1 | 47.16 | 26.57 | 73.73 | OK | |
r-release-linux-x86_64 | 1.0.1 | 52.17 | 26.72 | 78.89 | OK | |
r-release-macos-arm64 | 1.0.1 | 39.00 | OK | |||
r-release-macos-x86_64 | 1.0.1 | 53.00 | OK | |||
r-release-windows-x86_64 | 1.0.1 | 53.00 | 3.00 | 56.00 | FAIL | |
r-oldrel-macos-arm64 | 1.0.1 | 46.00 | OK | |||
r-oldrel-macos-x86_64 | 1.0.1 | 69.00 | OK | |||
r-oldrel-windows-x86_64 | 1.0.1 | 64.00 | 94.00 | 158.00 | OK |
Version: 1.0.1
Check: package dependencies
Result: FAIL
Flavor: r-release-windows-x86_64