CRAN Package Check Results for Package beanplot

Last updated on 2025-07-04 05:49:17 CEST.

Flavor Version Tinstall Tcheck Ttotal Status Flags
r-devel-linux-x86_64-debian-clang 1.3.1 2.18 30.14 32.32 NOTE
r-devel-linux-x86_64-debian-gcc 1.3.1 1.79 24.87 26.66 NOTE
r-devel-linux-x86_64-fedora-clang 1.3.1 51.51 OK
r-devel-linux-x86_64-fedora-gcc 1.3.1 63.79 OK
r-devel-windows-x86_64 1.3.1 3.00 70.00 73.00 OK
r-patched-linux-x86_64 1.3.1 2.36 29.57 31.93 OK
r-release-linux-x86_64 1.3.1 1.92 28.64 30.56 OK
r-release-macos-arm64 1.3.1 29.00 OK
r-release-macos-x86_64 1.3.1 94.00 OK
r-release-windows-x86_64 1.3.1 3.00 70.00 73.00 OK
r-oldrel-macos-arm64 1.3.1 31.00 OK
r-oldrel-macos-x86_64 1.3.1 64.00 OK
r-oldrel-windows-x86_64 1.3.1 4.00 109.00 113.00 OK

Check Details

Version: 1.3.1
Check: CRAN incoming feasibility
Result: NOTE Maintainer: ‘Peter Kampstra <beanplot@kampstra.net>’ No Authors@R field in DESCRIPTION. Please add one, modifying Authors@R: person(given = "Peter", family = "Kampstra", role = c("aut", "cre"), email = "beanplot@kampstra.net") as necessary. Package CITATION file contains call(s) to old-style personList() or as.personList(). Please use c() on person objects instead. Package CITATION file contains call(s) to old-style citEntry(). Please use bibentry() instead. Flavors: r-devel-linux-x86_64-debian-clang, r-devel-linux-x86_64-debian-gcc