Last updated on 2024-05-02 04:00:07 CEST.
Flavor | Version | Tinstall | Tcheck | Ttotal | Status | Flags |
---|---|---|---|---|---|---|
r-devel-linux-x86_64-debian-clang | 1.0.1.1 | 13.40 | 97.17 | 110.57 | NOTE | |
r-devel-linux-x86_64-debian-gcc | 1.0.1.1 | 10.46 | 69.56 | 80.02 | NOTE | |
r-devel-linux-x86_64-fedora-clang | 1.0.1.1 | 138.30 | NOTE | |||
r-devel-linux-x86_64-fedora-gcc | 1.0.1.1 | 127.72 | NOTE | |||
r-devel-windows-x86_64 | 1.0.1.1 | 14.00 | 102.00 | 116.00 | NOTE | |
r-patched-linux-x86_64 | 1.0.1.1 | 14.57 | 90.19 | 104.76 | NOTE | |
r-release-linux-x86_64 | 1.0.1.1 | 13.95 | 90.11 | 104.06 | NOTE | |
r-release-macos-arm64 | 1.0.1.1 | 37.00 | NOTE | |||
r-release-windows-x86_64 | 1.0.1.1 | 14.00 | 93.00 | 107.00 | NOTE | |
r-oldrel-macos-arm64 | 1.0.1.1 | 40.00 | OK | |||
r-oldrel-macos-x86_64 | 1.0.1.1 | 65.00 | OK | |||
r-oldrel-windows-x86_64 | 1.0.1.1 | 17.00 | 113.00 | 130.00 | OK |
Version: 1.0.1.1
Check: Rd files
Result: NOTE
checkRd: (-1) bde.Rd:20: Lost braces in \itemize; meant \describe ?
checkRd: (-1) bde.Rd:21: Lost braces in \itemize; meant \describe ?
checkRd: (-1) bde.Rd:22: Lost braces in \itemize; meant \describe ?
checkRd: (-1) bde.Rd:23: Lost braces in \itemize; meant \describe ?
checkRd: (-1) bde.Rd:34: Lost braces in \itemize; meant \describe ?
checkRd: (-1) bde.Rd:35: Lost braces in \itemize; meant \describe ?
checkRd: (-1) bde.Rd:36: Lost braces in \itemize; meant \describe ?
checkRd: (-1) bde.Rd:37: Lost braces in \itemize; meant \describe ?
checkRd: (-1) bde.Rd:42: Lost braces in \itemize; meant \describe ?
checkRd: (-1) bde.Rd:47: Lost braces in \itemize; meant \describe ?
checkRd: (-1) bde.Rd:48: Lost braces in \itemize; meant \describe ?
checkRd: (-1) bde.Rd:49: Lost braces in \itemize; meant \describe ?
checkRd: (-1) bde.Rd:54: Lost braces in \itemize; meant \describe ?
checkRd: (-1) bde.Rd:55: Lost braces in \itemize; meant \describe ?
checkRd: (-1) bde.Rd:56: Lost braces in \itemize; meant \describe ?
Flavors: r-devel-linux-x86_64-debian-clang, r-devel-linux-x86_64-debian-gcc, r-devel-linux-x86_64-fedora-clang, r-devel-linux-x86_64-fedora-gcc, r-devel-windows-x86_64, r-patched-linux-x86_64, r-release-linux-x86_64, r-release-macos-arm64, r-release-windows-x86_64